{"id":6502,"date":"2026-01-20T20:07:28","date_gmt":"2026-01-20T23:07:28","guid":{"rendered":"https:\/\/ortopedia.conosur.com.ar\/?post_type=product&#038;p=6502"},"modified":"2026-01-20T20:07:51","modified_gmt":"2026-01-20T23:07:51","slug":"concentrador-de-oxigeno-domiciliario","status":"publish","type":"product","link":"https:\/\/ortopedia.conosur.com.ar\/?product=concentrador-de-oxigeno-domiciliario","title":{"rendered":"Concentrador de ox\u00edgeno Domiciliario"},"content":{"rendered":"","protected":false},"excerpt":{"rendered":"<p>Ficha t\u00e9cnica concentrador de ox\u00edgeno domiiliario 5 lts.<\/p>\n<p>Incluye<\/p>\n<p>Se entrega con:<\/p>\n<p>*Vaso Humidificador<\/p>\n<p>*Canula nasal (bigotera)<\/p>\n<p>*Tubo de Oxigeno 680lts, de back-up en caso de corte de luz.<\/p>\n<p>*Nuestros horarios de atenci\u00f3n son de L a V de 9 a 17 hs. Estamos en el barrio de Flores, caba.<\/p>\n<p>No incluye<\/p>\n<p>&#8212;<\/p>\n<p>M\u00e1s informaci\u00f3n<\/p>\n<p>Especificaciones Generales:<\/p>\n<p>-Medidas: 58,4 cm de altura x 38,1 cm de ancho x 24,1 cm de profundidad<\/p>\n<p>-Tensi\u00f3n de alimentaci\u00f3n: 220V CA (voltios de corriente alterna)<\/p>\n<p>-Niveles de alarma del indicador del porcentaje de oxigeno<\/p>\n<p>-Bajo nivel de oxigeno (82%) u nivel de oxigeno muy bajo (70%)<\/p>\n<p>-Consumo de energ\u00eda promedio: 350 Vatios<\/p>\n<p>-Concentraci\u00f3n de oxigeno: (a 5 lts\/min) 93 +\/- 3%<\/p>\n<p>-Caudal en litros: 0,5-5 lts\/min<\/p>\n<p>-Peso: 14 kg<\/p>\n<p>-Nivel de sonido: 45 (t\u00edpico) dB<\/p>\n<p>-Temperatura de funcionamiento: 12\u00b0C a 32\u00b0C<\/p>\n<p>-Altitud para el funcionamiento: 0 a 2286m<\/p>\n<p>Cu\u00e1nto dura la carga en un tanque de ox\u00edgeno?<\/p>\n<p>octubre 27, 2016 by lfec<\/p>\n<p>Una pregunta muy frecuente a la hora de adquirir un tanque de ox\u00edgeno es su capacidad y duraci\u00f3n de la carga.\u00a0 La capacidad que se recomienda adquirir depender\u00e1 del estilo de vida y la cantidad de ox\u00edgeno suplementario que necesite el paciente seg\u00fan lo indicado por los m\u00e9dicos.<\/p>\n<p>El regulador en un tanque de ox\u00edgeno controla el mecanismo que se asegurar\u00e1 de proporcionar el flujo de ox\u00edgeno seleccionado de manera constante. Los reguladores comunes en la mayor\u00eda de los tanques son capaces de proporcionar entre 1 y 5 litros de ox\u00edgeno por minuto.<\/p>\n<p>As\u00ed pues, sabiendo el flujo necesario por minuto la duraci\u00f3n de la carga se convierte en una simple ecuaci\u00f3n aritm\u00e9tica. Por ejemplo, seleccionando un flujo de 2 litros por minuto, un tanque de 255 litros proporcionar\u00e1 aproximadamente 2 horas de ox\u00edgeno con un flujo continuo.<\/p>\n<p>255 lt \/ 2 lt por minuto = 127.5 minutos<\/p>\n<p>En caso de requerimientos altos de ox\u00edgeno de una manera constante, vale la pena considerar el adquirir un concentrador de ox\u00edgeno. A diferencia de los tanques, que deben ser llenados una vez vac\u00edos, estos equipos son capaces de captar el aire del medio ambiente y a trav\u00e9s de filtros y bombas, proporcionar al paciente los flujos de ox\u00edgeno que requiere. Dependiendo de las necesidades espec\u00edficas de cada paciente existen concentradores fijos o port\u00e1tiles, los cuales trabajan con una bateria recargable y son los suficientemente ligeros para transportarse en un peque\u00f1o malet\u00edn.<\/p>\n<p>El precio de un concentrador es considerablemente mayor al de un tanque pero resultan muy \u00fatiles si se sufre de enfermedades pulmonares cr\u00f3nicas que requerir\u00e1n ox\u00edgeno suplementario por un per\u00edodo de tiempo prolongado.<\/p>\n","protected":false},"featured_media":6503,"comment_status":"open","ping_status":"closed","template":"","meta":{"_mi_skip_tracking":false,"_monsterinsights_sitenote_active":false,"_monsterinsights_sitenote_note":"","_monsterinsights_sitenote_category":0,"_joinchat":[]},"product_cat":[122],"product_tag":[],"class_list":{"0":"post-6502","1":"product","2":"type-product","3":"status-publish","4":"has-post-thumbnail","6":"product_cat-alquiler","8":"first","9":"instock","10":"shipping-taxable","11":"product-type-simple","12":"col-xs-6 col-sm-4","13":"col-md-3 col-lg-2","14":"un-6-cols"},"yoast_head":"<!-- This site is optimized with the Yoast SEO plugin v27.3 - https:\/\/yoast.com\/product\/yoast-seo-wordpress\/ -->\n<title>Concentrador de ox\u00edgeno Domiciliario - Ortopedia Cono Sur<\/title>\n<meta name=\"robots\" content=\"index, follow, max-snippet:-1, max-image-preview:large, max-video-preview:-1\" \/>\n<link rel=\"canonical\" href=\"https:\/\/ortopedia.conosur.com.ar\/?product=concentrador-de-oxigeno-domiciliario\" \/>\n<meta property=\"og:locale\" content=\"es_ES\" \/>\n<meta property=\"og:type\" content=\"article\" \/>\n<meta property=\"og:title\" content=\"Concentrador de ox\u00edgeno Domiciliario - Ortopedia Cono Sur\" \/>\n<meta property=\"og:description\" content=\"Ficha t\u00e9cnica concentrador de ox\u00edgeno domiiliario 5 lts.  Incluye  Se entrega con:  *Vaso Humidificador  *Canula nasal (bigotera)  *Tubo de Oxigeno 680lts, de back-up en caso de corte de luz.  *Nuestros horarios de atenci\u00f3n son de L a V de 9 a 17 hs. Estamos en el barrio de Flores, caba.  No incluye  ---  M\u00e1s informaci\u00f3n  Especificaciones Generales:  -Medidas: 58,4 cm de altura x 38,1 cm de ancho x 24,1 cm de profundidad  -Tensi\u00f3n de alimentaci\u00f3n: 220V CA (voltios de corriente alterna)  -Niveles de alarma del indicador del porcentaje de oxigeno  -Bajo nivel de oxigeno (82%) u nivel de oxigeno muy bajo (70%)  -Consumo de energ\u00eda promedio: 350 Vatios  -Concentraci\u00f3n de oxigeno: (a 5 lts\/min) 93 +\/- 3%  -Caudal en litros: 0,5-5 lts\/min  -Peso: 14 kg  -Nivel de sonido: 45 (t\u00edpico) dB  -Temperatura de funcionamiento: 12\u00b0C a 32\u00b0C  -Altitud para el funcionamiento: 0 a 2286m  Cu\u00e1nto dura la carga en un tanque de ox\u00edgeno?  octubre 27, 2016 by lfec  Una pregunta muy frecuente a la hora de adquirir un tanque de ox\u00edgeno es su capacidad y duraci\u00f3n de la carga.\u00a0 La capacidad que se recomienda adquirir depender\u00e1 del estilo de vida y la cantidad de ox\u00edgeno suplementario que necesite el paciente seg\u00fan lo indicado por los m\u00e9dicos.  El regulador en un tanque de ox\u00edgeno controla el mecanismo que se asegurar\u00e1 de proporcionar el flujo de ox\u00edgeno seleccionado de manera constante. Los reguladores comunes en la mayor\u00eda de los tanques son capaces de proporcionar entre 1 y 5 litros de ox\u00edgeno por minuto.  As\u00ed pues, sabiendo el flujo necesario por minuto la duraci\u00f3n de la carga se convierte en una simple ecuaci\u00f3n aritm\u00e9tica. Por ejemplo, seleccionando un flujo de 2 litros por minuto, un tanque de 255 litros proporcionar\u00e1 aproximadamente 2 horas de ox\u00edgeno con un flujo continuo.  255 lt \/ 2 lt por minuto = 127.5 minutos  En caso de requerimientos altos de ox\u00edgeno de una manera constante, vale la pena considerar el adquirir un concentrador de ox\u00edgeno. A diferencia de los tanques, que deben ser llenados una vez vac\u00edos, estos equipos son capaces de captar el aire del medio ambiente y a trav\u00e9s de filtros y bombas, proporcionar al paciente los flujos de ox\u00edgeno que requiere. Dependiendo de las necesidades espec\u00edficas de cada paciente existen concentradores fijos o port\u00e1tiles, los cuales trabajan con una bateria recargable y son los suficientemente ligeros para transportarse en un peque\u00f1o malet\u00edn.  El precio de un concentrador es considerablemente mayor al de un tanque pero resultan muy \u00fatiles si se sufre de enfermedades pulmonares cr\u00f3nicas que requerir\u00e1n ox\u00edgeno suplementario por un per\u00edodo de tiempo prolongado.\" \/>\n<meta property=\"og:url\" content=\"https:\/\/ortopedia.conosur.com.ar\/?product=concentrador-de-oxigeno-domiciliario\" \/>\n<meta property=\"og:site_name\" content=\"Ortopedia Cono Sur\" \/>\n<meta property=\"article:publisher\" content=\"https:\/\/www.facebook.com\/profile.php?id=100089096634896&amp;rdid=hpB9U31JxL1B13Dy&amp;share_url=httpswww.facebook.comshare1FLohkroxA#\" \/>\n<meta property=\"article:modified_time\" content=\"2026-01-20T23:07:51+00:00\" \/>\n<meta property=\"og:image\" content=\"https:\/\/ortopedia.conosur.com.ar\/wp-content\/uploads\/2026\/01\/Captura-de-pantalla-2026-01-20-200147.png\" \/>\n\t<meta property=\"og:image:width\" content=\"414\" \/>\n\t<meta property=\"og:image:height\" content=\"248\" \/>\n\t<meta property=\"og:image:type\" content=\"image\/png\" \/>\n<meta name=\"twitter:card\" content=\"summary_large_image\" \/>\n<script type=\"application\/ld+json\" class=\"yoast-schema-graph\">{\"@context\":\"https:\\\/\\\/schema.org\",\"@graph\":[{\"@type\":\"WebPage\",\"@id\":\"https:\\\/\\\/ortopedia.conosur.com.ar\\\/?product=concentrador-de-oxigeno-domiciliario\",\"url\":\"https:\\\/\\\/ortopedia.conosur.com.ar\\\/?product=concentrador-de-oxigeno-domiciliario\",\"name\":\"Concentrador de ox\u00edgeno Domiciliario - Ortopedia Cono Sur\",\"isPartOf\":{\"@id\":\"https:\\\/\\\/ortopedia.conosur.com.ar\\\/#website\"},\"primaryImageOfPage\":{\"@id\":\"https:\\\/\\\/ortopedia.conosur.com.ar\\\/?product=concentrador-de-oxigeno-domiciliario#primaryimage\"},\"image\":{\"@id\":\"https:\\\/\\\/ortopedia.conosur.com.ar\\\/?product=concentrador-de-oxigeno-domiciliario#primaryimage\"},\"thumbnailUrl\":\"https:\\\/\\\/ortopedia.conosur.com.ar\\\/wp-content\\\/uploads\\\/2026\\\/01\\\/Captura-de-pantalla-2026-01-20-200147.png\",\"datePublished\":\"2026-01-20T23:07:28+00:00\",\"dateModified\":\"2026-01-20T23:07:51+00:00\",\"breadcrumb\":{\"@id\":\"https:\\\/\\\/ortopedia.conosur.com.ar\\\/?product=concentrador-de-oxigeno-domiciliario#breadcrumb\"},\"inLanguage\":\"es\",\"potentialAction\":[{\"@type\":\"ReadAction\",\"target\":[\"https:\\\/\\\/ortopedia.conosur.com.ar\\\/?product=concentrador-de-oxigeno-domiciliario\"]}]},{\"@type\":\"ImageObject\",\"inLanguage\":\"es\",\"@id\":\"https:\\\/\\\/ortopedia.conosur.com.ar\\\/?product=concentrador-de-oxigeno-domiciliario#primaryimage\",\"url\":\"https:\\\/\\\/ortopedia.conosur.com.ar\\\/wp-content\\\/uploads\\\/2026\\\/01\\\/Captura-de-pantalla-2026-01-20-200147.png\",\"contentUrl\":\"https:\\\/\\\/ortopedia.conosur.com.ar\\\/wp-content\\\/uploads\\\/2026\\\/01\\\/Captura-de-pantalla-2026-01-20-200147.png\",\"width\":414,\"height\":248},{\"@type\":\"BreadcrumbList\",\"@id\":\"https:\\\/\\\/ortopedia.conosur.com.ar\\\/?product=concentrador-de-oxigeno-domiciliario#breadcrumb\",\"itemListElement\":[{\"@type\":\"ListItem\",\"position\":1,\"name\":\"Portada\",\"item\":\"https:\\\/\\\/ortopedia.conosur.com.ar\\\/\"},{\"@type\":\"ListItem\",\"position\":2,\"name\":\"Ortopedia\",\"item\":\"https:\\\/\\\/ortopedia.conosur.com.ar\\\/?page_id=16\"},{\"@type\":\"ListItem\",\"position\":3,\"name\":\"Concentrador de ox\u00edgeno Domiciliario\"}]},{\"@type\":\"WebSite\",\"@id\":\"https:\\\/\\\/ortopedia.conosur.com.ar\\\/#website\",\"url\":\"https:\\\/\\\/ortopedia.conosur.com.ar\\\/\",\"name\":\"Ortopedia Cono Sur\",\"description\":\"ORTOPEDIA CONO SUR S.A.S.\",\"publisher\":{\"@id\":\"https:\\\/\\\/ortopedia.conosur.com.ar\\\/#organization\"},\"alternateName\":\"Ortopedia Cono Sur\",\"potentialAction\":[{\"@type\":\"SearchAction\",\"target\":{\"@type\":\"EntryPoint\",\"urlTemplate\":\"https:\\\/\\\/ortopedia.conosur.com.ar\\\/?s={search_term_string}\"},\"query-input\":{\"@type\":\"PropertyValueSpecification\",\"valueRequired\":true,\"valueName\":\"search_term_string\"}}],\"inLanguage\":\"es\"},{\"@type\":\"Organization\",\"@id\":\"https:\\\/\\\/ortopedia.conosur.com.ar\\\/#organization\",\"name\":\"Ortopedia Cono Sur\",\"alternateName\":\"Ortopedia Cono Sur\",\"url\":\"https:\\\/\\\/ortopedia.conosur.com.ar\\\/\",\"logo\":{\"@type\":\"ImageObject\",\"inLanguage\":\"es\",\"@id\":\"https:\\\/\\\/ortopedia.conosur.com.ar\\\/#\\\/schema\\\/logo\\\/image\\\/\",\"url\":\"https:\\\/\\\/ortopedia.conosur.com.ar\\\/wp-content\\\/uploads\\\/2026\\\/01\\\/Logos-21.png\",\"contentUrl\":\"https:\\\/\\\/ortopedia.conosur.com.ar\\\/wp-content\\\/uploads\\\/2026\\\/01\\\/Logos-21.png\",\"width\":500,\"height\":500,\"caption\":\"Ortopedia Cono Sur\"},\"image\":{\"@id\":\"https:\\\/\\\/ortopedia.conosur.com.ar\\\/#\\\/schema\\\/logo\\\/image\\\/\"},\"sameAs\":[\"https:\\\/\\\/www.facebook.com\\\/profile.php?id=100089096634896&rdid=hpB9U31JxL1B13Dy&share_url=httpswww.facebook.comshare1FLohkroxA#\",\"https:\\\/\\\/www.instagram.com\\\/cono_sur_ortopedia?igsh=ZWN2ZHIxZnY5Nzdm\"]}]}<\/script>\n<!-- \/ Yoast SEO plugin. -->","yoast_head_json":{"title":"Concentrador de ox\u00edgeno Domiciliario - Ortopedia Cono Sur","robots":{"index":"index","follow":"follow","max-snippet":"max-snippet:-1","max-image-preview":"max-image-preview:large","max-video-preview":"max-video-preview:-1"},"canonical":"https:\/\/ortopedia.conosur.com.ar\/?product=concentrador-de-oxigeno-domiciliario","og_locale":"es_ES","og_type":"article","og_title":"Concentrador de ox\u00edgeno Domiciliario - Ortopedia Cono Sur","og_description":"Ficha t\u00e9cnica concentrador de ox\u00edgeno domiiliario 5 lts.  Incluye  Se entrega con:  *Vaso Humidificador  *Canula nasal (bigotera)  *Tubo de Oxigeno 680lts, de back-up en caso de corte de luz.  *Nuestros horarios de atenci\u00f3n son de L a V de 9 a 17 hs. Estamos en el barrio de Flores, caba.  No incluye  ---  M\u00e1s informaci\u00f3n  Especificaciones Generales:  -Medidas: 58,4 cm de altura x 38,1 cm de ancho x 24,1 cm de profundidad  -Tensi\u00f3n de alimentaci\u00f3n: 220V CA (voltios de corriente alterna)  -Niveles de alarma del indicador del porcentaje de oxigeno  -Bajo nivel de oxigeno (82%) u nivel de oxigeno muy bajo (70%)  -Consumo de energ\u00eda promedio: 350 Vatios  -Concentraci\u00f3n de oxigeno: (a 5 lts\/min) 93 +\/- 3%  -Caudal en litros: 0,5-5 lts\/min  -Peso: 14 kg  -Nivel de sonido: 45 (t\u00edpico) dB  -Temperatura de funcionamiento: 12\u00b0C a 32\u00b0C  -Altitud para el funcionamiento: 0 a 2286m  Cu\u00e1nto dura la carga en un tanque de ox\u00edgeno?  octubre 27, 2016 by lfec  Una pregunta muy frecuente a la hora de adquirir un tanque de ox\u00edgeno es su capacidad y duraci\u00f3n de la carga.\u00a0 La capacidad que se recomienda adquirir depender\u00e1 del estilo de vida y la cantidad de ox\u00edgeno suplementario que necesite el paciente seg\u00fan lo indicado por los m\u00e9dicos.  El regulador en un tanque de ox\u00edgeno controla el mecanismo que se asegurar\u00e1 de proporcionar el flujo de ox\u00edgeno seleccionado de manera constante. Los reguladores comunes en la mayor\u00eda de los tanques son capaces de proporcionar entre 1 y 5 litros de ox\u00edgeno por minuto.  As\u00ed pues, sabiendo el flujo necesario por minuto la duraci\u00f3n de la carga se convierte en una simple ecuaci\u00f3n aritm\u00e9tica. Por ejemplo, seleccionando un flujo de 2 litros por minuto, un tanque de 255 litros proporcionar\u00e1 aproximadamente 2 horas de ox\u00edgeno con un flujo continuo.  255 lt \/ 2 lt por minuto = 127.5 minutos  En caso de requerimientos altos de ox\u00edgeno de una manera constante, vale la pena considerar el adquirir un concentrador de ox\u00edgeno. A diferencia de los tanques, que deben ser llenados una vez vac\u00edos, estos equipos son capaces de captar el aire del medio ambiente y a trav\u00e9s de filtros y bombas, proporcionar al paciente los flujos de ox\u00edgeno que requiere. Dependiendo de las necesidades espec\u00edficas de cada paciente existen concentradores fijos o port\u00e1tiles, los cuales trabajan con una bateria recargable y son los suficientemente ligeros para transportarse en un peque\u00f1o malet\u00edn.  El precio de un concentrador es considerablemente mayor al de un tanque pero resultan muy \u00fatiles si se sufre de enfermedades pulmonares cr\u00f3nicas que requerir\u00e1n ox\u00edgeno suplementario por un per\u00edodo de tiempo prolongado.","og_url":"https:\/\/ortopedia.conosur.com.ar\/?product=concentrador-de-oxigeno-domiciliario","og_site_name":"Ortopedia Cono Sur","article_publisher":"https:\/\/www.facebook.com\/profile.php?id=100089096634896&rdid=hpB9U31JxL1B13Dy&share_url=httpswww.facebook.comshare1FLohkroxA#","article_modified_time":"2026-01-20T23:07:51+00:00","og_image":[{"width":414,"height":248,"url":"https:\/\/ortopedia.conosur.com.ar\/wp-content\/uploads\/2026\/01\/Captura-de-pantalla-2026-01-20-200147.png","type":"image\/png"}],"twitter_card":"summary_large_image","schema":{"@context":"https:\/\/schema.org","@graph":[{"@type":"WebPage","@id":"https:\/\/ortopedia.conosur.com.ar\/?product=concentrador-de-oxigeno-domiciliario","url":"https:\/\/ortopedia.conosur.com.ar\/?product=concentrador-de-oxigeno-domiciliario","name":"Concentrador de ox\u00edgeno Domiciliario - Ortopedia Cono Sur","isPartOf":{"@id":"https:\/\/ortopedia.conosur.com.ar\/#website"},"primaryImageOfPage":{"@id":"https:\/\/ortopedia.conosur.com.ar\/?product=concentrador-de-oxigeno-domiciliario#primaryimage"},"image":{"@id":"https:\/\/ortopedia.conosur.com.ar\/?product=concentrador-de-oxigeno-domiciliario#primaryimage"},"thumbnailUrl":"https:\/\/ortopedia.conosur.com.ar\/wp-content\/uploads\/2026\/01\/Captura-de-pantalla-2026-01-20-200147.png","datePublished":"2026-01-20T23:07:28+00:00","dateModified":"2026-01-20T23:07:51+00:00","breadcrumb":{"@id":"https:\/\/ortopedia.conosur.com.ar\/?product=concentrador-de-oxigeno-domiciliario#breadcrumb"},"inLanguage":"es","potentialAction":[{"@type":"ReadAction","target":["https:\/\/ortopedia.conosur.com.ar\/?product=concentrador-de-oxigeno-domiciliario"]}]},{"@type":"ImageObject","inLanguage":"es","@id":"https:\/\/ortopedia.conosur.com.ar\/?product=concentrador-de-oxigeno-domiciliario#primaryimage","url":"https:\/\/ortopedia.conosur.com.ar\/wp-content\/uploads\/2026\/01\/Captura-de-pantalla-2026-01-20-200147.png","contentUrl":"https:\/\/ortopedia.conosur.com.ar\/wp-content\/uploads\/2026\/01\/Captura-de-pantalla-2026-01-20-200147.png","width":414,"height":248},{"@type":"BreadcrumbList","@id":"https:\/\/ortopedia.conosur.com.ar\/?product=concentrador-de-oxigeno-domiciliario#breadcrumb","itemListElement":[{"@type":"ListItem","position":1,"name":"Portada","item":"https:\/\/ortopedia.conosur.com.ar\/"},{"@type":"ListItem","position":2,"name":"Ortopedia","item":"https:\/\/ortopedia.conosur.com.ar\/?page_id=16"},{"@type":"ListItem","position":3,"name":"Concentrador de ox\u00edgeno Domiciliario"}]},{"@type":"WebSite","@id":"https:\/\/ortopedia.conosur.com.ar\/#website","url":"https:\/\/ortopedia.conosur.com.ar\/","name":"Ortopedia Cono Sur","description":"ORTOPEDIA CONO SUR S.A.S.","publisher":{"@id":"https:\/\/ortopedia.conosur.com.ar\/#organization"},"alternateName":"Ortopedia Cono Sur","potentialAction":[{"@type":"SearchAction","target":{"@type":"EntryPoint","urlTemplate":"https:\/\/ortopedia.conosur.com.ar\/?s={search_term_string}"},"query-input":{"@type":"PropertyValueSpecification","valueRequired":true,"valueName":"search_term_string"}}],"inLanguage":"es"},{"@type":"Organization","@id":"https:\/\/ortopedia.conosur.com.ar\/#organization","name":"Ortopedia Cono Sur","alternateName":"Ortopedia Cono Sur","url":"https:\/\/ortopedia.conosur.com.ar\/","logo":{"@type":"ImageObject","inLanguage":"es","@id":"https:\/\/ortopedia.conosur.com.ar\/#\/schema\/logo\/image\/","url":"https:\/\/ortopedia.conosur.com.ar\/wp-content\/uploads\/2026\/01\/Logos-21.png","contentUrl":"https:\/\/ortopedia.conosur.com.ar\/wp-content\/uploads\/2026\/01\/Logos-21.png","width":500,"height":500,"caption":"Ortopedia Cono Sur"},"image":{"@id":"https:\/\/ortopedia.conosur.com.ar\/#\/schema\/logo\/image\/"},"sameAs":["https:\/\/www.facebook.com\/profile.php?id=100089096634896&rdid=hpB9U31JxL1B13Dy&share_url=httpswww.facebook.comshare1FLohkroxA#","https:\/\/www.instagram.com\/cono_sur_ortopedia?igsh=ZWN2ZHIxZnY5Nzdm"]}]}},"_links":{"self":[{"href":"https:\/\/ortopedia.conosur.com.ar\/index.php?rest_route=\/wp\/v2\/product\/6502","targetHints":{"allow":["GET"]}}],"collection":[{"href":"https:\/\/ortopedia.conosur.com.ar\/index.php?rest_route=\/wp\/v2\/product"}],"about":[{"href":"https:\/\/ortopedia.conosur.com.ar\/index.php?rest_route=\/wp\/v2\/types\/product"}],"replies":[{"embeddable":true,"href":"https:\/\/ortopedia.conosur.com.ar\/index.php?rest_route=%2Fwp%2Fv2%2Fcomments&post=6502"}],"wp:featuredmedia":[{"embeddable":true,"href":"https:\/\/ortopedia.conosur.com.ar\/index.php?rest_route=\/wp\/v2\/media\/6503"}],"wp:attachment":[{"href":"https:\/\/ortopedia.conosur.com.ar\/index.php?rest_route=%2Fwp%2Fv2%2Fmedia&parent=6502"}],"wp:term":[{"taxonomy":"product_cat","embeddable":true,"href":"https:\/\/ortopedia.conosur.com.ar\/index.php?rest_route=%2Fwp%2Fv2%2Fproduct_cat&post=6502"},{"taxonomy":"product_tag","embeddable":true,"href":"https:\/\/ortopedia.conosur.com.ar\/index.php?rest_route=%2Fwp%2Fv2%2Fproduct_tag&post=6502"}],"curies":[{"name":"wp","href":"https:\/\/api.w.org\/{rel}","templated":true}]}}